{"id":15292,"date":"2025-08-25T11:57:19","date_gmt":"2025-08-25T11:57:19","guid":{"rendered":"https:\/\/alleanzacefalalgici.it\/?page_id=15292"},"modified":"2025-08-25T12:00:28","modified_gmt":"2025-08-25T12:00:28","slug":"confinia-cephalalgica-et-neurologica","status":"publish","type":"page","link":"https:\/\/alleanzacefalalgici.it\/?page_id=15292","title":{"rendered":"Confinia Cephalalgica et Neurologica"},"content":{"rendered":"\t\t<div data-elementor-type=\"wp-page\" data-elementor-id=\"15292\" class=\"elementor elementor-15292\">\n\t\t\t\t<div class=\"elementor-element elementor-element-ba19b44 e-flex e-con-boxed wpr-particle-no wpr-jarallax-no wpr-parallax-no wpr-sticky-section-no e-con e-parent\" data-id=\"ba19b44\" data-element_type=\"container\">\n\t\t\t\t\t<div class=\"e-con-inner\">\n\t\t\t\t<div class=\"elementor-element elementor-element-2691da9 elementor-widget elementor-widget-heading\" data-id=\"2691da9\" data-element_type=\"widget\" data-widget_type=\"heading.default\">\n\t\t\t\t<div class=\"elementor-widget-container\">\n\t\t\t\t\t<h1 class=\"elementor-heading-title elementor-size-default\">Confinia Cephalalgica et Neurologica\n<\/h1>\t\t\t\t<\/div>\n\t\t\t\t<\/div>\n\t\t\t\t<div class=\"elementor-element elementor-element-d04dcd8 elementor-widget elementor-widget-text-editor\" data-id=\"d04dcd8\" data-element_type=\"widget\" data-widget_type=\"text-editor.default\">\n\t\t\t\t<div class=\"elementor-widget-container\">\n\t\t\t\t\t\t\t\t\t<p><strong>Registrazione Tribunale di Milano &#8211; N. 254 del 18\/04\/1992 &#8211; Periodicit\u00e0 quadrimestrale<\/strong><\/p><p>Confinia Cephalalgica et Neurologica \u00e8 una Rivista interdisciplinare fondata a Pavia dal Prof. Giuseppe Nappi nel 1992; dal 2016 \u00e8 organo di collegamento della Fondazione CIRNA Onlus, Centro Italiano di Ricerche Neurologiche Avanzate e del Neolatin Network on Headache tra i Paesi Euromediterranei e le Americhe Latine, gi\u00e0 University Consortium for Adaptive Disorders and Head pain (UCADH) dal 1988 al 2016, Headache Science Center UniPV &#8211; IRCCS Mondino dal 2017. Scopo della Rivista \u00e8 la divulgazione contributi teorici e sperimentali di ricerche biomediche e in scienze umane a carattere multidisciplinare, prioritariamente dedicati alle Neuroscienze Cliniche con particolare ma non esclusivo riferimento allo studio, diagnosi e cura delle cefalee e altri mal di testa, nell&#8217;accezione pi\u00f9 vasta di sindromi e manifestazioni dolorose complesse ai confini tra natura e cultura, tra mente e cervello, archetipi, comportamenti e stile di vita. Dal 2016 la Rivista \u00e8 realizzata e diffusa dalla Casa Editrice Matttioli 1885 di Fidenza (PR) che la ospita in una sezione dedicata del proprio sito web.<\/p>\t\t\t\t\t\t\t\t<\/div>\n\t\t\t\t<\/div>\n\t\t\t\t<div class=\"elementor-element elementor-element-136d937 elementor-align-center elementor-widget elementor-widget-button\" data-id=\"136d937\" data-element_type=\"widget\" data-widget_type=\"button.default\">\n\t\t\t\t<div class=\"elementor-widget-container\">\n\t\t\t\t\t\t\t\t\t<div class=\"elementor-button-wrapper\">\n\t\t\t\t\t<a class=\"elementor-button elementor-button-link elementor-size-sm\" href=\"https:\/\/www.mattioli1885journals.com\/index.php\/confinia\/login\">\n\t\t\t\t\t\t<span class=\"elementor-button-content-wrapper\">\n\t\t\t\t\t\t<span class=\"elementor-button-icon\">\n\t\t\t\t<svg aria-hidden=\"true\" class=\"e-font-icon-svg e-fas-book-medical\" viewBox=\"0 0 448 512\" xmlns=\"http:\/\/www.w3.org\/2000\/svg\"><path d=\"M448 358.4V25.6c0-16-9.6-25.6-25.6-25.6H96C41.6 0 0 41.6 0 96v320c0 54.4 41.6 96 96 96h326.4c12.8 0 25.6-9.6 25.6-25.6v-16q0-9.6-9.6-19.2c-3.2-16-3.2-60.8 0-73.6q9.6-4.8 9.6-19.2zM144 168a8 8 0 0 1 8-8h56v-56a8 8 0 0 1 8-8h48a8 8 0 0 1 8 8v56h56a8 8 0 0 1 8 8v48a8 8 0 0 1-8 8h-56v56a8 8 0 0 1-8 8h-48a8 8 0 0 1-8-8v-56h-56a8 8 0 0 1-8-8zm236.8 280H96c-19.2 0-32-12.8-32-32s16-32 32-32h284.8z\"><\/path><\/svg>\t\t\t<\/span>\n\t\t\t\t\t\t\t\t\t<span class=\"elementor-button-text\">Guarda l'ultimo numero<\/span>\n\t\t\t\t\t<\/span>\n\t\t\t\t\t<\/a>\n\t\t\t\t<\/div>\n\t\t\t\t\t\t\t\t<\/div>\n\t\t\t\t<\/div>\n\t\t\t\t\t<\/div>\n\t\t\t\t<\/div>\n\t\t\t\t<\/div>\n\t\t","protected":false},"excerpt":{"rendered":"<p>Confinia Cephalalgica et Neurologica Registrazione Tribunale di Milano &#8211; N. 254 del 18\/04\/1992 &#8211; Periodicit\u00e0 quadrimestrale Confinia Cephalalgica et Neurologica \u00e8 una Rivista interdisciplinare fondata a Pavia dal Prof. Giuseppe Nappi nel 1992; dal 2016 \u00e8 organo di collegamento della Fondazione CIRNA Onlus, Centro Italiano di Ricerche Neurologiche Avanzate e del Neolatin Network on Headache tra i Paesi Euromediterranei e le Americhe Latine, gi\u00e0 University Consortium for Adaptive Disorders and Head pain (UCADH) dal 1988 al 2016, Headache Science Center UniPV &#8211; IRCCS Mondino dal 2017. Scopo della Rivista \u00e8 la divulgazione contributi teorici e sperimentali di ricerche biomediche e in scienze umane a carattere multidisciplinare, prioritariamente dedicati alle Neuroscienze Cliniche con particolare ma non esclusivo riferimento allo studio, diagnosi e cura delle cefalee e altri mal di testa, nell&#8217;accezione pi\u00f9 vasta di sindromi e manifestazioni dolorose complesse ai confini tra natura e cultura, tra mente e cervello, archetipi, comportamenti e stile di vita. Dal 2016 la Rivista \u00e8 realizzata e diffusa dalla Casa Editrice Matttioli 1885 di Fidenza (PR) che la ospita in una sezione dedicata del proprio sito web. Guarda l&#8217;ultimo numero<\/p>\n","protected":false},"author":1,"featured_media":0,"parent":0,"menu_order":0,"comment_status":"closed","ping_status":"closed","template":"","meta":{"footnotes":""},"class_list":["post-15292","page","type-page","status-publish","hentry"],"_links":{"self":[{"href":"https:\/\/alleanzacefalalgici.it\/index.php?rest_route=\/wp\/v2\/pages\/15292","targetHints":{"allow":["GET"]}}],"collection":[{"href":"https:\/\/alleanzacefalalgici.it\/index.php?rest_route=\/wp\/v2\/pages"}],"about":[{"href":"https:\/\/alleanzacefalalgici.it\/index.php?rest_route=\/wp\/v2\/types\/page"}],"author":[{"embeddable":true,"href":"https:\/\/alleanzacefalalgici.it\/index.php?rest_route=\/wp\/v2\/users\/1"}],"replies":[{"embeddable":true,"href":"https:\/\/alleanzacefalalgici.it\/index.php?rest_route=%2Fwp%2Fv2%2Fcomments&post=15292"}],"version-history":[{"count":4,"href":"https:\/\/alleanzacefalalgici.it\/index.php?rest_route=\/wp\/v2\/pages\/15292\/revisions"}],"predecessor-version":[{"id":15297,"href":"https:\/\/alleanzacefalalgici.it\/index.php?rest_route=\/wp\/v2\/pages\/15292\/revisions\/15297"}],"wp:attachment":[{"href":"https:\/\/alleanzacefalalgici.it\/index.php?rest_route=%2Fwp%2Fv2%2Fmedia&parent=15292"}],"curies":[{"name":"wp","href":"https:\/\/api.w.org\/{rel}","templated":true}]}}